{"id":180,"date":"2021-04-16T16:48:08","date_gmt":"2021-04-16T14:48:08","guid":{"rendered":"https:\/\/tur-nieruchomosci.pl\/sklep\/?post_type=product&#038;p=180"},"modified":"2022-08-08T17:28:32","modified_gmt":"2022-08-08T15:28:32","slug":"inwestowanie-w-domy","status":"publish","type":"product","link":"https:\/\/tur-nieruchomosci.pl\/sklep\/produkt\/inwestowanie-w-domy\/","title":{"rendered":"Inwestowanie w domy"},"content":{"rendered":"<p>Dlaczego warto obejrze\u0107 to nagranie?<\/p>\n<p>Trzech prelegent\u00f3w to trzy spojrzenia na omawiane zagadnienia. Poznasz opini\u0119 kogo\u015b, kto budowa\u0142 dla siebie, oraz kogo\u015b kto buduje dla klient\u00f3w. Dowiesz si\u0119 jak pracowa\u0107 z urz\u0119dnikami, a jak z dokumentami. W sam raz dla ka\u017cdego kto chce skutecznie sprzedawa\u0107 nieruchomo\u015bci, nauczy\u0107 si\u0119 inwestowania w domy, rozpocz\u0105\u0107 przygod\u0119 z poszukiwaniem dzia\u0142ki pod budow\u0119 domu, lub budow\u0119 i przebudow\u0119 nieruchomo\u015bci na sprzeda\u017c.<\/p>\n<p>Kim s\u0105 prelegenci?<\/p>\n<p>Damian Kleczewski to inwestor znany szerzej osobom zainteresowanym rynkiem kamienic. Nieruchomo\u015bciami tego typu interesuje si\u0119 ju\u017c od 2010 roku. Dowodem jego szerokiego do\u015bwiadczenia s\u0105 ksi\u0105\u017cki \u201eSkuteczne sposoby inwestowania w nieruchomo\u015bci\u201d, \u201eRozruch inwestycyjny\u201d i \u201eKompendium inwestora\u201d, kt\u00f3rych jest autorem, oraz \u201ePoradnik Inwestora Rynku Nieruchomo\u015bci\u201d, kt\u00f3ry wsp\u00f3\u0142tworzy\u0142. Damiana mo\u017cna lepiej pozna\u0107 podczas jego audycji w radio Kontestacja, wyst\u0105pie\u0144 na szkoleniach Asbiro, oraz na szkoleniach organizowanych pod wsp\u00f3\u0142tworzon\u0105 przez niego mark\u0105 Zrozumie\u0107 Nieruchomo\u015bci.<\/p>\n<p>S\u0142awomir Zaj\u0105c, autor \u015bwietnie sprzedaj\u0105cej si\u0119 ksi\u0105\u017cki: \u201eJak si\u0119 wybudowa\u0107 i nie zwariowa\u0107\u201d wtajemniczy Was w przygotowanie do przygody, jak\u0105 jest zakup dzia\u0142ki i budowa domu. S\u0142awek jest r\u00f3wnie\u017c autorem poczytnego bloga Poradnik Budowlany. Przekazywana przez niego wiedza pozwala w optymalny spos\u00f3b zaplanowa\u0107 proces inwestycyjny zwi\u0105zany z zakupem w\u0142asnej dzia\u0142ki i budowy domu. Nikt nie powie Ci wi\u0119cej o problemach, kt\u00f3re mog\u0105 powsta\u0107 na linii inwestor-wykonawca ni\u017c skuteczny \u0142owca b\u0142\u0119d\u00f3w w projektach budowlanych jakim S\u0142awek niew\u0105tpliwie jest.<\/p>\n<p>Szkolenie poprowadzi\u0142 Krzysztof Derdzikowski posiadaj\u0105cy wieloletnie do\u015bwiadczenie w inwestycjach w grunty. Wyk\u0142adowca mi\u0119dzy innymi na takich bran\u017cowych wydarzeniach jak kurs ASBIRO, Recamp, Potencja\u0142 Kamienic, Handel Mieszkaniami Grzegorza Grabowskiego, Szkolenia z pozyskiwania i obs\u0142ugi trudnych nieruchomo\u015bci Jerzego Sempowicza i Dawida Dudka. Pasjonat trudnych przypadk\u00f3w i sytuacji niemo\u017cliwych do wybrni\u0119cia. Dzi\u0119ki kreatywnemu podej\u015bciu ka\u017cde wyzwanie zmienia si\u0119 w jego r\u0119kach z problemu w kolejn\u0105 nieruchomo\u015bciow\u0105 przygod\u0119.<\/p>\n<p>Jak uzyska\u0107 dost\u0119p do nagra\u0144?<\/p>\n<p>Po zakupie produktu zyskasz dost\u0119p do zrealizowanych lekcji poprzez zak\u0142adk\u0119 \u201eMoje szkolenia\u201d. Ka\u017cdy uczestnik zyskuje r\u00f3wnie\u017c mo\u017cliwo\u015b\u0107 udzia\u0142u w podsumowuj\u0105cym zamkni\u0119tym webinarze organizowanym dla uczestnik\u00f3w naszych szkole\u0144. Webinary takie organizujemy co jaki\u015b czas w grupie zrzeszaj\u0105cej absolwent\u00f3w szkole\u0144.<\/p>\n<p>O czym b\u0119dziemy m\u00f3wi\u0107?<\/p>\n<p>Dzie\u0144 1 \u2013 Od czego zacz\u0105\u0107?<br \/>\nWprowadzenie do inwestowania w domy. Prezentacja prelegent\u00f3w, oraz historia kilku sukces\u00f3w\/pora\u017cek, kt\u00f3re przekonaj\u0105 Was, \u017ce wiedza o domach pozwala na dobre zarobki, a jej brak mo\u017ce spowodowa\u0107 olbrzymie tarapaty. Om\u00f3wienie podstawowych poj\u0119\u0107 i dokument\u00f3w zwi\u0105zanych z weryfikacj\u0105 stanu prawnego i technicznego budynk\u00f3w jednorodzinnych i kamienic.<\/p>\n<p>Dzie\u0144 2 \u2013 Zakup domu na w\u0142asne potrzeby.<br \/>\nJak zapanowa\u0107 nad kosztami utrzymania domu? Czy gaz zawsze jest najta\u0144szym \u017ar\u00f3d\u0142em ogrzewania? Czy fotowoltaika i solary s\u0105 konieczno\u015bci\u0105, czy tylko mod\u0105? Czy dom u\u017cywany jest gorszy od nowego? Odpowiedzi na te i wiele innych pyta\u0144 dotycz\u0105cych wyboru i zakupu domu dla siebie.<\/p>\n<p>Dzie\u0144 3 \u2013 R\u00f3\u017cne warianty inwestycji w dom.<br \/>\nOd zakupu domu pod wynajem, przez kwatery pracownicze i podzia\u0142 na mikrokawalerki, a\u017c do zakupu niewielkiej kamienicy. O tym jak wiele oblicz mo\u017ce mie\u0107 inwestycja w domy i jak diametralnie r\u00f3\u017cnego zakresu kompetencji b\u0119dzie ona wymaga\u0107. Zastanowimy si\u0119 r\u00f3wnie\u017c nad tym, czy wi\u0119ksze ryzyko inwestycyjne zawsze oznacza wi\u0119kszy zysk.<\/p>\n<p>Dzie\u0144 4 \u2013 Podwykonawca: przyjaciel, czy wr\u00f3g?<br \/>\nO relacjach z architektem, konstruktorem, kierownikiem budowy, budowla\u0144cem. Jak wy\u0142oni\u0107 odpowiednich wykonawc\u00f3w, oraz jak wsp\u00f3\u0142pracowa\u0107 z nimi, aby udana inwestycja by\u0142a Waszym wsp\u00f3lnym celem.<\/p>\n<p>Dzie\u0144 5 \u2013 Mikrokawalerki i kwatery pracownicze.<br \/>\nO bardziej dochodowych, ale i bardziej skomplikowanych wariantach inwestowania w domy. O tym co jest zgodne z prawem, a za co mo\u017ce Ci grozi\u0107 spotkanie z prokuratorem. O tym, \u017ce wraz z wzrostem ilo\u015bci lokator\u00f3w ro\u015bnie ilo\u015b\u0107 problem\u00f3w, ale i trudniej przeprowadzi\u0107 inwestycj\u0119 w zgodzie z liter\u0105 prawa.<\/p>\n<p>Dzie\u0144 6 \u2013 Od kamienicy do odr\u0119bnych lokali.<br \/>\nO zakupie niewielkiej kamienicy oraz podziale na lokale mieszkalne. Zapoznanie si\u0119 z warunkami jakie musi spe\u0142ni\u0107 lokal, aby m\u00f3g\u0142 uzyska\u0107 samodzielno\u015b\u0107, oraz o tym, \u017ce czasem mo\u017cemy powiedzie\u0107 urz\u0119dnikowi, \u017ce taki stan i ilo\u015b\u0107 lokali by\u0142y ju\u017c tutaj wcze\u015bniej.<\/p>\n<p>Dzie\u0144 7 \u2013 Lista kontrolna zakupu domu.<br \/>\nPodsumowanie porad i sugestii z dni poprzednich oraz om\u00f3wienie mniej typowych pu\u0142apek w obrocie domami. O tym, \u017ce problem kt\u00f3ry wida\u0107, jest zawsze mniejszym problemem, od problemu kt\u00f3rego nie wida\u0107. Kontrola i weryfikacja stanu technicznego budynku oraz kilka niespodzianek, na kt\u00f3re mo\u017cna si\u0119 natkn\u0105\u0107 na dzia\u0142ce jak i w jej s\u0105siedztwie, a kt\u00f3re mog\u0105 podnie\u015b\u0107 koszty inwestycji, lub nawet j\u0105 uniemo\u017cliwi\u0107.<\/p>\n<p>Ile trwa szkolenie?<\/p>\n<p>Ca\u0142e szkolenie podzielone jest na siedem odcink\u00f3w, kt\u00f3rych \u0142\u0105czna d\u0142ugo\u015b\u0107 wynosi 681 minut.<\/p>\n<p>Jakie s\u0105 dodatkowe korzy\u015bci dla uczestnik\u00f3w szkolenia online?<\/p>\n<p>Po zakupie szkolenia otrzymujesz dost\u0119p do grupy, kt\u00f3ra stanowi nasze wewn\u0119trzne forum wsparcia dla wszystkich uczestnik\u00f3w naszych szkole\u0144. To nie tylko kontakt z prelegentami, ale i osobami, kt\u00f3re podobnie jak Ty realizuj\u0105 swoje inwestycje i szukaj\u0105 sposob\u00f3w na ich skuteczn\u0105 optymalizacj\u0119. Dodatkowo uczestnicy otrzymaj\u0105 materia\u0142y do pobrania\/wydrukowania, kt\u00f3re systematyzuj\u0105 informacje przekazane podczas tego szkolenia.<\/p>\n","protected":false},"excerpt":{"rendered":"<p>Dlaczego warto obejrze\u0107 to nagranie? Trzech prelegent\u00f3w to trzy spojrzenia na omawiane zagadnienia. Poznasz opini\u0119 kogo\u015b, kto budowa\u0142 dla siebie, oraz kogo\u015b kto buduje dla klient\u00f3w. Dowiesz si\u0119 jak pracowa\u0107 z urz\u0119dnikami, a jak z dokumentami. W sam raz dla ka\u017cdego kto chce skutecznie sprzedawa\u0107 nieruchomo\u015bci, nauczy\u0107 si\u0119 inwestowania w domy, rozpocz\u0105\u0107 przygod\u0119 z poszukiwaniem [&hellip;]<\/p>\n","protected":false},"featured_media":914,"comment_status":"open","ping_status":"closed","template":"","meta":{"bwfblock_default_font":""},"product_cat":[19,22],"product_tag":[],"_links":{"self":[{"href":"https:\/\/tur-nieruchomosci.pl\/sklep\/wp-json\/wp\/v2\/product\/180"}],"collection":[{"href":"https:\/\/tur-nieruchomosci.pl\/sklep\/wp-json\/wp\/v2\/product"}],"about":[{"href":"https:\/\/tur-nieruchomosci.pl\/sklep\/wp-json\/wp\/v2\/types\/product"}],"replies":[{"embeddable":true,"href":"https:\/\/tur-nieruchomosci.pl\/sklep\/wp-json\/wp\/v2\/comments?post=180"}],"wp:featuredmedia":[{"embeddable":true,"href":"https:\/\/tur-nieruchomosci.pl\/sklep\/wp-json\/wp\/v2\/media\/914"}],"wp:attachment":[{"href":"https:\/\/tur-nieruchomosci.pl\/sklep\/wp-json\/wp\/v2\/media?parent=180"}],"wp:term":[{"taxonomy":"product_cat","embeddable":true,"href":"https:\/\/tur-nieruchomosci.pl\/sklep\/wp-json\/wp\/v2\/product_cat?post=180"},{"taxonomy":"product_tag","embeddable":true,"href":"https:\/\/tur-nieruchomosci.pl\/sklep\/wp-json\/wp\/v2\/product_tag?post=180"}],"curies":[{"name":"wp","href":"https:\/\/api.w.org\/{rel}","templated":true}]}}