{"id":724,"date":"2021-04-30T16:00:59","date_gmt":"2021-04-30T14:00:59","guid":{"rendered":"https:\/\/tur-nieruchomosci.pl\/sklep\/?post_type=product&#038;p=724"},"modified":"2022-08-11T15:04:36","modified_gmt":"2022-08-11T13:04:36","slug":"inwestowanie-w-grunty-mapy-i-narzedzia-online","status":"publish","type":"product","link":"https:\/\/tur-nieruchomosci.pl\/sklep\/produkt\/inwestowanie-w-grunty-mapy-i-narzedzia-online\/","title":{"rendered":"Inwestowanie w grunty &#8211; mapy i narz\u0119dzia online"},"content":{"rendered":"<p><strong>Dlaczego warto odby\u0107 to szkolenie online?<\/strong><\/p>\n<p>Poznaj narz\u0119dzia, z kt\u00f3rych korzystaj\u0105 inni inwestorzy oraz po\u015brednicy! Sprawd\u017a jakie informacje s\u0105 dost\u0119pne na mapach oraz w innych narz\u0119dziach online. Ponad 3 godziny wiedzy przekazywanej przez praktyka. Ka\u017cdy z wiod\u0105cych Geoportali zosta\u0142 om\u00f3wiony wraz ze wszystkimi funkcjami, w\u0142\u0105cznie z tymi dopiero co wdro\u017conymi.<\/p>\n<p><strong>Kto jest prelegentem?<\/strong><\/p>\n<p>Skuteczny przedsi\u0119biorca \u2013 jak ka\u017cdy w\u0142a\u015bciciel biura nieruchomo\u015bci. Inwestor zainteresowany szerokim spektrum aktyw\u00f3w na rynku nieruchomo\u015bci. Przeprowadzi\u0142 kilkaset transakcji kupna \u2013 sprzeda\u017cy nieruchomo\u015bci swoich, jak i klient\u00f3w. Specjalizuje si\u0119 w nieruchomo\u015bciach gruntowych i zakupach z minimalnym wk\u0142adem kapita\u0142u w\u0142asnego. Nie tylko wyk\u0142adowca, ale i cz\u0119sty uczestnik szkole\u0144 bran\u017cowych, gdy\u017c wiedzy nigdy nie jest za du\u017co. Jednym s\u0142owem: Marcin Jarzy\u0144ski.<\/p>\n<p><strong>Jak\u0105 wiedz\u0119 zyskasz?<\/strong><\/p>\n<ul>\n<li>O czym dowiesz si\u0119 z Geoportalu?<\/li>\n<li>Kt\u00f3ry Geoportal zawiera najlepsze dane?<\/li>\n<li>Czy wszystkie dane w Geoportalach s\u0105 aktualne?<\/li>\n<li>Czy zawsze nale\u017cy ufa\u0107 zapisom w Elektronicznej Ksi\u0119dze Wieczystej?<\/li>\n<li>Czy mo\u017cna sprawdzi\u0107 online co b\u0119dzie budowane w mojej okolicy?<\/li>\n<li>Kto odpowiada za aktualno\u015b\u0107 danych w r\u00f3\u017cnych narz\u0119dziach?Jakie s\u0105 dodatkowe korzy\u015bci dla uczestnik\u00f3w szkolenia online?<\/li>\n<\/ul>\n<p>Sta\u0142y, nielimitowany dost\u0119p do wszystkich element\u00f3w szkolenia, czyli do nagra\u0144, oraz do prezentacji prelegenta u\u017cywanej podczas nagrywania prelekcji. Dost\u0119p do zamkni\u0119tej grupy poszkoleniowej zyskuj\u0105 tylko osoby, kt\u00f3re naby\u0142y kurs w wersji stacjonarnej.<\/p>\n","protected":false},"excerpt":{"rendered":"<p>Nagranie szkolenia, w kt\u00f3rym poznasz mapy i narz\u0119dzia online pod k\u0105tem inwestowania w grunty.<\/p>\n<p>Prowadz\u0105cy: Marcin Jarzy\u0144ski<\/p>\n<p>Szczeg\u00f3\u0142owy opis poni\u017cej.<\/p>\n","protected":false},"featured_media":917,"comment_status":"open","ping_status":"closed","template":"","meta":{"bwfblock_default_font":""},"product_cat":[19,22],"product_tag":[],"_links":{"self":[{"href":"https:\/\/tur-nieruchomosci.pl\/sklep\/wp-json\/wp\/v2\/product\/724"}],"collection":[{"href":"https:\/\/tur-nieruchomosci.pl\/sklep\/wp-json\/wp\/v2\/product"}],"about":[{"href":"https:\/\/tur-nieruchomosci.pl\/sklep\/wp-json\/wp\/v2\/types\/product"}],"replies":[{"embeddable":true,"href":"https:\/\/tur-nieruchomosci.pl\/sklep\/wp-json\/wp\/v2\/comments?post=724"}],"wp:featuredmedia":[{"embeddable":true,"href":"https:\/\/tur-nieruchomosci.pl\/sklep\/wp-json\/wp\/v2\/media\/917"}],"wp:attachment":[{"href":"https:\/\/tur-nieruchomosci.pl\/sklep\/wp-json\/wp\/v2\/media?parent=724"}],"wp:term":[{"taxonomy":"product_cat","embeddable":true,"href":"https:\/\/tur-nieruchomosci.pl\/sklep\/wp-json\/wp\/v2\/product_cat?post=724"},{"taxonomy":"product_tag","embeddable":true,"href":"https:\/\/tur-nieruchomosci.pl\/sklep\/wp-json\/wp\/v2\/product_tag?post=724"}],"curies":[{"name":"wp","href":"https:\/\/api.w.org\/{rel}","templated":true}]}}